(b) = -b**3 - 7*b**2 + 260*b - 24. Let p be k(12). What is the greatest common divisor of p and 70?
10
Let f be ((-198)/(-3) + 6)/2. Calculate the highest common divisor of 14004 and f.
36
Let k(m) = 104 - 19 + 135 + 16*m. Let y be k(-12). What is the highest common divisor of y and 546?
14
Let y = 86 + -72. Let i = 51 - 44. Suppose -i = 2*s - 3*s - 3*c, -c = 3*s - 21. What is the greatest common factor of y and s?
7
Let x be (-5 - -4)*(-14 + -26). Calculate the greatest common factor of x and 20.
20
Suppose -5*v + 6*i = -633, 5*i + 36 - 230 = -2*v. Let c(z) = -z**3 - 7*z**2 + 5*z - 6. Let h be c(-8). What is the highest common divisor of h and v?
9
Suppose -1664*h - 336 = -1672*h. What is the greatest common factor of h and 2562?
42
Let d(o) = o**3 - 15*o**2 + 4*o - 17. Let y be d(15). What is the highest common divisor of 2 and y?
1
Let q be 14/(-18) + (-4)/18 + 3. Suppose q = 2*p - 4. Suppose 133 = 3*n - 5*t, 0 = -n - 8*t + p*t + 51. What is the greatest common divisor of 69 and n?
23
Let u(r) = 4*r + 136. Let q be u(-19). Suppose -3*g = -5 - 1. Let d = 13 + g. Calculate the highest common factor of q and d.
15
Suppose 17*c - 16 = 13*c. Suppose r + 6 = 2*n, 5*n - 10 = c*n + 4*r. Calculate the highest common factor of 14 and n.
2
Let f be 36030/225 - (-28)/(-210). What is the highest common divisor of f and 352?
32
Suppose -i + 50 = 46. Let t = i - -19. What is the highest common divisor of 69 and t?
23
Let h = 2725 + -2711. Suppose 5*f - f - 308 = 0. What is the highest common divisor of f and h?
7
Let x be (13772/(-6))/((-16)/24). What is the greatest common factor of 33 and x?
11
Let r be 8 - 8 - (-465 - -5). Let l be -4*(-2 + (-57)/6). Calculate the highest common divisor of r and l.
46
Let z = 58 + -62. Let p be 70 + (-3)/(3/z). Suppose 5*t = p + 176. What is the highest common factor of t and 10?
10
Let d be 32/40*(180 + 2 - 21/(-42)). Calculate the greatest common divisor of d and 2117.
73
Let m(y) = -2*y**3 - 13*y**2 - 29*y + 28. Let l be m(-3). Calculate the greatest common divisor of l and 11531.
13
Suppose 372 = 3*j + 321. Suppose 679 = j*c - 86. What is the highest common factor of 180 and c?
45
Suppose -26*p + 68 = -9*p. Suppose -18 = -4*j + r, -5*r = -p*r + 2. Calculate the greatest common divisor of 300 and j.
4
Let w(h) = -h**2 - 16*h - 15. Suppose 5*a = 8*a - 18. Let i be (-165)/12 - a/(-8). Let o be w(i). Calculate the greatest common divisor of 48 and o.
24
Let m(c) = -c - 44 - 16 - 3*c. Suppose -18*x - 274 = 86. Let l be m(x). Calculate the greatest common factor of 5 and l.
5
Suppose 5*y - c - 649 = 644, -5*y + 4*c + 1287 = 0. Let q be 1 - -10*62/(-4). Let f = y + q. What is the highest common factor of 35 and f?
35
Let y = 49 - 30. Let d(k) = -k**3 + 52*k**2 + 115*k + 97. Let v be d(54). What is the greatest common factor of y and v?
19
Suppose -84*p + 87*p = 90. Let r(o) = o**3 - 7*o**2 + 5*o + 8. Let s be r(6). Suppose -s*c + 29 = 9. Calculate the greatest common factor of c and p.
10
Let p be (-2)/(((-6)/40)/(37 + -31)). What is the highest common divisor of p and 496?
16
Let l(m) = -27*m - 33. Let s be l(-8). Let f = 321 - s. What is the greatest common factor of f and 69?
69
Let o = 12 + -9. Calculate the highest common divisor of 265 and o.
1
Let o = -134 + 234. Let w be -7*4/(-42) - 20/(-6). Suppose -2*h = -w*l + 3*h + 105, -80 = -5*l - 4*h. What is the highest common factor of o and l?
20
Suppose 69925 = 105*p - 37*p + 5393. Calculate the highest common factor of p and 39.
13
Let u(k) = -15*k + 638. Let r be u(42). Calculate the highest common divisor of r and 3092.
4
Suppose -2*n = 4*k + 22, -26 = 2*k - 7*n + 3*n. Let t = 43 + k. Suppose 38 = 2*r + 5*f, 7 = -2*r + 4*f + 9. What is the greatest common factor of t and r?
9
Suppose 7*a + 99 = 4*b + 4*a, 47 = 2*b + a. Let l = -2143 - -2551. What is the highest common factor of b and l?
24
Let y = -460 + 463. Let f = -6 - -8. Suppose 3*v + 27 = 2*j, y*j - f*v - 48 = -0*v. What is the greatest common factor of 198 and j?
18
Let w be -462*9/(27/(-2)). Suppose 0 = -3*j + 4*a + 916, w = j - 0*a - 4*a. Calculate the greatest common divisor of j and 16.
16
Let y = 17 - 15. Suppose -5 = -y*k + 1. Suppose k*p - 1358 = -4*j, -4*j - 5*p + 672 = -2*j. What is the highest common factor of 31 and j?
31
Let q be 4/3 + (-26)/(-39). Suppose -q = 3*t - 5. What is the greatest common factor of t and 7?
1
Let h(y) = -130*y - 40. Let i = -334 + 332. Let u be h(i). What is the greatest common factor of u and 20?
20
Suppose 21*h + 0*h - 105 = 0. Suppose 4*o - 3*d = 847, 371 = 3*o - h*d - 278. What is the greatest common divisor of o and 13?
13
Let s(t) = 179*t + 2597. Let r be s(-13). Calculate the highest common divisor of r and 630.
90
Let k(l) = -l**3 + 22*l**2 + 2*l + 228. Let x be k(19). Calculate the greatest common divisor of x and 114.
19
Suppose -3*d - 3*d + 4428 = 0. Suppose -3*l - d = -7*l + 2*i, -1 = -i. What is the greatest common factor of l and 74?
37
Let b = 15502 - 4407. What is the highest common factor of b and 35?
35
Let d = -19511 - -19681. What is the highest common factor of 17 and d?
17
Let n(j) = j**2 + 220*j + 9. Let y be n(34). Calculate the greatest common factor of 19 and y.
19
Suppose -3*q + 2*q = -9. Suppose -s - 7 = -4*x + 3*x, x - 2*s = 11. Suppose 15 = -2*w + x*w. Calculate the highest common divisor of q and w.
3
Let f = 6622 + -6547. Let y = 141 + -91. What is the greatest common factor of y and f?
25
Suppose -4 + 10 = -2*g, -3*g = -3*v + 18. Suppose -3*c - 2*c = -20. Let i(z) = -z + 7. Let q be i(c). What is the greatest common divisor of q and v?
3
Suppose -n - 42 = -4*n. Suppose 2 + 12 = -s - 5*m, -4*m - 70 = m. Calculate the greatest common divisor of n and s.
14
Let k = 85 - 30. Let p be ((-2)/3)/(4/246)*-1. Let r = k - p. What is the highest common divisor of 7 and r?
7
Let x(k) = 2*k**3 - 17*k**2 - 70*k + 641. Let l be x(8). Calculate the greatest common divisor of 103 and l.
1
Let z be ((-7)/16)/(-7) - 8759415/(-1680). Calculate the greatest common divisor of 790 and z.
158
Let i(m) be the first derivative of 10*m**3/3 - 5*m**2/2 - 11*m - 8. Let k = -27 + 25. Let b be i(k). What is the highest common divisor of 26 and b?
13
Let i = -27526 + 27530. What is the highest common factor of i and 14956?
4
Let a be ((-22)/(-3))/(71/4047). Let v = -343 + a. What is the greatest common factor of v and 35?
5
Let h(f) = 15*f**3 - 16*f**2 + 42*f + 24. Let u be h(3). What is the greatest common divisor of 5480 and u?
137
Let v be 11 - (2 + 15/(-3)). Let u be (-1362)/8*92/(-69) + (12 - 15). What is the highest common divisor of u and v?
14
Suppose 5*d = -3*u - 2*u - 200, 5*d = 4*u - 236. Let m be d/(-418) - 169/(-19). Let b be (26/(-39))/((-2)/81). Calculate the greatest common factor of m and b.
9
Suppose 2*d = -7*d - 3240. Let s be ((-12)/(-16))/((-3)/d). Calculate the highest common divisor of s and 330.
30
Let k = 1122 - -87. Calculate the greatest common factor of 1053 and k.
39
Let q be -20*(-3)/12*1. Suppose -3*y - 5 = 2*y, -y - q = -4*z. Calculate the greatest common divisor of z and 16.
1
Let j be (-2)/30*-1107 - (-81)/(-45). What is the highest common factor of 104 and j?
8
Let r(o) = -54*o - 451. Let h be r(-37). What is the greatest common factor of 714 and h?
119
Let c = 344 + -335. Let h be (-100)/(-15) + c/27. Let w be (-1695)/(-27) + (-4)/(-18). What is the greatest common divisor of h and w?
7
Suppose 5*t + 28019 = 4*z, -187*z + 186*z = -4*t - 7024. Calculate the highest common divisor of z and 132.
132
Suppose 7*r - 534 = 5*r. Let i be r - (-2 + -1 + 0). Suppose -i = -4*y - 2*y. Calculate the greatest common divisor of y and 18.
9
Let x be (-110)/5*(54 + -58). Calculate the highest common divisor of x and 160.
8
Let l be (-42)/(-126) - (-35)/3. Let i(k) = -k**3 + 11*k**2 + 12*k + 40. Let d be i(l). What is the highest common divisor of d and 50?
10
Suppose -8*o + 45 = o. Suppose 0 = 3*q + g + 2*g, -20 = o*g. Let n be (-260)/(-22) - q/(-22). What is the highest common factor of 12 and n?
12
Let o(h) = 31*h**3 - 4*h**2 + 6*h - 1. Let x be o(1). Calculate the greatest common divisor of 1952 and x.
32
Let d = 4 + -1. Suppose 0 = -2*b - 4, d*u = 2*u + 4*b + 41. Suppose m + 33905 = -o + 33920, 0 = o + 18. Calculate the greatest common divisor